nd j?
4
Let f = 139 - 121. What is the greatest common factor of 24 and f?
6
Suppose -5*i - 4*z + 19 = 0, -6 = -5*i + 2*z + 7. Suppose 2*c - 3*u - 45 = -0*u, 0 = i*c + 3*u - 45. What is the greatest common factor of 18 and c?
18
Let y(f) = -f**3 + 25*f**2 + 9*f + 10. Let g be y(25). Suppose 19 = -2*h + g. Calculate the highest common divisor of 12 and h.
12
Let c(z) = z**3 - 15*z**2 + 30*z - 306. Let q be c(15). What is the greatest common divisor of 1872 and q?
144
Let p = -157 + 168. What is the highest common factor of p and 33?
11
Let m = -30 - -18. Let c(s) = s**3 + 12*s**2 + s + 20. Let t be c(m). Let p(n) = -41*n - 1. Let v be p(-1). What is the highest common divisor of t and v?
8
Let g = 53 - 15. Suppose -29 = -p - 5*r, -4*p + 2*p - 5*r = -g. Calculate the highest common divisor of p and 117.
9
Let r(s) = 40*s. Let g be r(1). Let a = -16 + g. Let j = 46 + 170. Calculate the greatest common divisor of a and j.
24
Suppose 4*d - 3*d = 3*a + 122, -a = -2*d + 254. Calculate the greatest common divisor of d and 16.
16
Suppose -2*w = 4*q - 63 - 23, 76 = 4*q + 4*w. What is the greatest common divisor of q and 24?
24
Suppose -3*u + 5*u = 32. Let t = 18 - u. Suppose t*f - 78 = -f. What is the highest common divisor of f and 65?
13
Suppose -z + 19 = -0*z. Let a = z - -3. Let p be a/8 + (-5)/(-20). What is the greatest common divisor of p and 27?
3
Suppose -12*h + 540 = -8*h. What is the greatest common factor of h and 30?
15
Suppose -145*l = -135*l - 960. Calculate the highest common factor of 60 and l.
12
Let p(d) = -4*d - 16. Let z(h) = 3*h + 15. Let m(t) = 4*p(t) + 5*z(t). Let i be m(9). Suppose i*k - 151 = -23. Calculate the highest common factor of k and 16.
16
Let k be 10/(-105) - (-1700)/210. Calculate the greatest common factor of k and 40.
8
Let r = -1103 + 1115. Calculate the greatest common factor of r and 876.
12
Let r(b) = -4*b**3 - 15*b**2 - 6*b. Let m be r(-4). What is the highest common factor of m and 16?
8
Let w(o) = -8*o - 7. Let k be w(-5). Let j = -63 + 106. Suppose j = 3*a + 10. Calculate the highest common divisor of k and a.
11
Let n = -537 - -551. What is the highest common factor of 14 and n?
14
Let c(p) be the third derivative of 1/6*p**3 - 7/24*p**4 + 2*p**2 + 0 - 1/60*p**5 + 0*p. Let f be c(-5). What is the greatest common divisor of f and 55?
11
Let b(k) = 36 + 12 - 2*k - 3*k**2 + k + 4*k**2. Let x be b(0). Let r be 15 + (0 - (1 + 2)). Calculate the highest common factor of r and x.
12
Suppose 7*c - 2*c + 3*d = 69, 4*c + d - 51 = 0. What is the greatest common factor of c and 22?
2
Let l(p) = 26*p**2 + 26*p + 47. Let q be l(-2). Suppose -x + 3*x = 8. Let j be ((-2)/x)/(2/(-44)). What is the highest common factor of q and j?
11
Suppose 3*j = -2*p + 292, -4*p + 9*p - 744 = -4*j. Suppose 111 = 5*d + 4*s, d - 2*s + 7 - 18 = 0. Calculate the greatest common divisor of d and p.
19
Let n(f) = 15*f**3 + f**2 - f. Let y = -2 + 3. Let j be n(y). Let w(d) = -58*d - 97. Let z be w(-4). Calculate the highest common divisor of z and j.
15
Let j(b) be the third derivative of -b**6/60 - b**5/60 - b**4/2 - 5*b**3/3 + 29*b**2. Let u be j(-5). Calculate the highest common divisor of u and 55.
55
Suppose -5*w + 51*w = 4140. Calculate the greatest common divisor of w and 765.
45
Let t be (-2091)/(-68) + (-3)/4. What is the highest common factor of t and 110?
10
Let y be 1*61 + (-65 + 9)/14. Calculate the highest common divisor of 3 and y.
3
Suppose -3*r = 2*r + 3*v - 43, 4*r - 5*v = 64. Let x(y) = -38*y - 43. Let i be x(-2). Calculate the greatest common divisor of r and i.
11
Let f(j) = 5*j**2 - 2*j - 18. Let v be f(8). Calculate the highest common factor of v and 22.
22
Let p(s) = -s**2 + 11*s - 5. Let k be p(3). Calculate the highest common factor of k and 893.
19
Suppose 2*u = 3*r - 59, r + 15 - 52 = 5*u. Calculate the greatest common divisor of r and 289.
17
Let y be (7 - 1) + 0 + -3. Let c(a) = -a**2 + 3*a + 1. Let r be c(y). What is the highest common factor of 9 and r?
1
Let d(u) = -u**2 - 4*u - 9. Let g be d(-4). Let j = g - -20. What is the greatest common factor of 132 and j?
11
Let c be (-12)/14*(-11 + -3). Let v = -4140 - -4188. What is the highest common divisor of v and c?
12
Let x(j) = 11*j + 2*j + j**2 - j - 31 - 16*j. Let u be x(8). What is the greatest common divisor of u and 4?
1
Let v be (-18)/(-81) + (-32)/(-18). What is the highest common divisor of 3 and v?
1
Let z be 1*((1 - 0) + 49). Let t = z + -30. Suppose -2*r - 400 = -5*y, -r = 4*y - 11*y + 560. What is the highest common divisor of t and y?
20
Let y(t) = 60 + 36*t + 4*t**2 - 2*t**2 - 14*t. Let h be y(-15). What is the highest common factor of 20 and h?
20
Let q be -8*(9/12)/(-3). Suppose q*b - 57 = -b. Let k = -21 + 192. Calculate the greatest common factor of b and k.
19
Suppose -3*l + 5*l - 150 = -2*k, -l - 2*k + 77 = 0. Let d = -38 + l. Suppose -3*r + 97 = -d. Calculate the highest common factor of 66 and r.
22
Let x(s) = s**3 - s**2 - s + 11. Let f be x(0). Let d = -11 - -10. Let a = f - d. What is the highest common divisor of a and 48?
12
Let m be 0 + 0 - (26 + -7). Let r(u) = -6*u - 16. Let q be r(m). What is the greatest common divisor of q and 14?
14
Suppose -8*w + 45 = 7*w. Calculate the highest common divisor of w and 141.
3
Let d(t) = -t**2 - 46*t - 238. Let c be d(-40). What is the greatest common divisor of 134 and c?
2
Suppose o = -103 + 145. Calculate the greatest common divisor of o and 14.
14
Suppose 395*b - 202*b + 646 = 212*b. Let v be ((-10)/2)/((-1)/34). Calculate the greatest common factor of b and v.
34
Suppose -10*u + 11*u - 32 = 0. Let t be u/112 + 166/7. What is the greatest common factor of t and 3?
3
Let s be (-3)/1*(-6)/9. Let c(v) be the first derivative of 13*v**2/2 + 4*v + 13. Let k be c(s). What is the greatest common divisor of k and 30?
30
Suppose -5*c - 240 = 5*n, 209 = -3*n + c + 49. Let i = 87 + n. Calculate the greatest common factor of 5 and i.
5
Suppose 11*x - 16*x + 25 = 0. What is the greatest common factor of x and 25?
5
Let p = -78 - -86. Let m be 3 + 0 - 4/2. Let g be 5 - m - (-4)/(-2). Calculate the greatest common divisor of g and p.
2
Suppose 3*s - 6*s + 99 = 0. Calculate the greatest common factor of 99 and s.
33
Suppose -2*q = 2*w - 3*w + 29, 5*w = q + 190. Let b = 66 - w. Calculate the greatest common divisor of b and 18.
9
Suppose -u - 5*j = -3*u - 13, -5*j + 11 = -4*u. Suppose 41 = 5*a + u. Calculate the greatest common factor of a and 12.
4
Let h be (1326/(-78))/(1 + -2). Calculate the highest common factor of h and 680.
17
Let b = 494 - 473. What is the highest common factor of 35 and b?
7
Suppose 3*a + 26 = -j - 60, -15 = 3*j. Let k = -1321 - -1302. Let l = k - a. Calculate the highest common divisor of 2 and l.
2
Let q(v) = v**3 - 16*v**2 + 14*v + 16. Let i be q(15). Let l be -4 - i*-17*5. What is the highest common divisor of l and 27?
27
Suppose 5*u - 224 = 3*v, 5*v - 91*u + 320 = -96*u. Let y = -13 - -7. Let a be y/51 + (-4292)/v. Calculate the greatest common factor of 7 and a.
7
Let r(c) = 2*c + 1 - 8*c - 3*c. Let t be r(-1). What is the highest common factor of 80 and t?
10
Let w(k) = 2*k**2 + 18*k + 9. Let y be w(-10). Suppose 2*j - y - 71 = 0. What is the greatest common factor of j and 5?
5
Let y(l) = -l**2 + 13*l - 2. Let m be y(8). What is the greatest common divisor of m and 209?
19
Suppose -3*w + 5 + 22 = 0. Let p be (1 - 5)*(-3)/2. Calculate the greatest common factor of w and p.
3
Let t(c) = -134*c + 1. Let q be t(-1). Let o(g) = -g**3 + 3*g**2 - g. Let v be o(2). Suppose -v*r = 3*r - 75. Calculate the greatest common divisor of q and r.
15
Suppose 24 = -k + 168. Let y = 41 - 38. Suppose 0 = -5*v + y*b + 83, 2*v + 0*b - 30 = -2*b. What is the greatest common divisor of v and k?
16
Let p(t) be the second derivative of t**3/3 + t**2 + 2*t. Let i be p(7). Suppose 993 - 113 = 22*a. What is the greatest common divisor of i and a?
8
Let v = 36 + 32. Let c = -51 + v. What is the highest common divisor of c and 153?
17
Let u be 2272/88 + (-2)/(-11). Let t = 9 - 6. Suppose -t*q - 2*q - 500 = -4*i, -3*i + 3*q = -378. What is the greatest common factor of i and u?
26
Let a be 25/(750/(-120))*22/(-8). Let k = 75 + -20. Calculate the greatest common divisor of a and k.
11
Let n be (5 + (-166